3. Suppose 6 - 18 = -4*y, 4*i = -3*y + 29. What is m(i)?
-8
Let n(p) be the first derivative of 2*p**3/3 + 3*p**2 - 10*p + 354. Determine n(-7).
46
Let b(c) be the first derivative of c**3/3 + c**2 + 2*c - 22. Let w be (-231)/35 + (-4)/10. Let p = w - -5. What is b(p)?
2
Suppose 4*h - 2*h + 44 = 0. Let g = -15 - h. Let w(d) = 0*d + d - 2*d + g + 1. What is w(4)?
4
Let s(v) = -2*v**3 + v**2 + 6. Let m(y) = -y**3 + y**2 + 6. Let q(b) = -3*m(b) + 2*s(b). Give q(0).
-6
Let c(g) = 9*g - 13. Let b(i) = -14*i + 20. Let o(z) = 5*b(z) + 8*c(z). Suppose 0 = -5*t - 2*p + 47, -p + 59 + 3 = 8*t. Calculate o(t).
10
Let l(q) be the second derivative of q**4/12 + q**3/6 + 5*q**2/2 + 3*q + 3. Let n be (1 - 3/6)*0. Let x be 0*(n/(-1) + -1). Calculate l(x).
5
Let t(n) = -n**3 + 14*n**2 + 15*n + 7. Suppose -596*p + 210 = -582*p. What is t(p)?
7
Let i = -53 - -49. Let h be (i/(-4))/(1/7). Let n(t) = t**2 - 6*t - 6. Determine n(h).
1
Let a(b) = -2*b**2 + 6*b - 4. Let s(z) = z**2 - 2*z + 1. Let f(y) = -a(y) - 4*s(y). Calculate f(1).
0
Let o(i) be the second derivative of i**4/12 + i**3/6 - i**2 + 2*i - 465. What is o(3)?
10
Suppose 98 - 113 = -5*n. Let d(r) = -r**3 + 3*r**2 + 2*r - 2. Let i be d(n). Let m(p) = -p + 8. Calculate m(i).
4
Let i(j) = j**3 + 3*j + j - 3*j + 8*j**2 - j + j + 19. Calculate i(-8).
11
Let u be ((-48)/(-42))/((-14)/(-49)). Let c(q) be the first derivative of q**2 + 5*q + 5 - 5/3*q**3 + 1/4*q**u. Determine c(5).
15
Let z = -15 - -16. Let q = z + -9. Let l(b) = b**3 + 9*b**2 + 9*b + 5. Let y be l(q). Let g(w) = 2*w**2 + 3*w - 2. Calculate g(y).
7
Let p = 194 - 206. Let m(v) = v - 11. Give m(p).
-23
Let x(l) = -6 - 10 + 5 + 7 - 3*l. Calculate x(-2).
2
Let k(o) be the second derivative of -25/2*o**2 - 1/12*o**4 + 1/20*o**5 - 40*o + 0 - 1/6*o**3. Give k(0).
-25
Let k(c) = -c**2 + 2 + 4*c - 2 - c - 3. Let n(j) = -2*j**2 + 7 - 7*j + 2*j**2 + 2*j**2. Let s(f) = -7*k(f) - 3*n(f). Give s(2).
4
Let s(u) = -9*u**2 + u + 1. Let p be 88/40 - (-2)/(-10). Suppose 0 = p*f + b + 2, 2*f - 5*b = -f - 3. Determine s(f).
-9
Let x(u) = -2*u**2 - 95*u - 305. Let b be x(-44). Let d(h) = 6*h - 20. Determine d(b).
-2
Suppose 4*z - 5*z = -g + 5, 0 = -3*g - 3*z + 3. Suppose g*w - s = 4, -5*w - 4 = 4*s - 22. Let l(q) = 5*q**2 - 2*q - 1. Give l(w).
15
Let l = -31 + 31. Let b be l*(0 - 2/6). Let q(z) = z**2 - z + 12. Give q(b).
12
Suppose 0 = 2*m + 5*i - 10, 35 = 5*m - 5*i + 10. Let b(o) = 30*o - m*o**2 + 6*o**2 - 34*o + 3 - 3*o**2. Determine b(2).
-13
Suppose 0 = -4*b - g + 6, -13*b + 2 = -14*b - 2*g. Let f(x) = 2*x**2 + 2*x + 2. What is f(b)?
14
Let l be -1 - (5 - (-45)/(-6)). Let b(t) be the first derivative of 3 + l*t**2 + 5*t - 1/3*t**3. Give b(6).
-13
Suppose 5 = -16*u - 27. Let m(p) = -p**2 + p + 4. Determine m(u).
-2
Suppose -28 = 12*y - 4. Let s(g) = 2*g - 2. Let f(l) = l - 1. Let u(p) = y*s(p) + 5*f(p). Suppose w - 25 = 6*w. Calculate u(w).
-6
Suppose -20*x = -106 - 74. Let g(m) = -m + 3. Give g(x).
-6
Suppose -4*h + 6 = 4*d - 10, 3*d - 8 = -5*h. Suppose 0 = -z - 4*t - d, 2 - 1 = -z + t. Let n(l) = l**3 + 2*l**2 + 2. Give n(z).
2
Suppose -2 = 2*f - 8. Let k(o) be the first derivative of 1/4*o**4 + 2*o + 0*o**2 + 1 + 1/3*o**f. Determine k(-2).
-2
Let u(b) = b**3 - 9*b**2 - 8*b - 10. Suppose 48*m + 16*m - 640 = 0. Calculate u(m).
10
Let y(n) = 2*n**3 + n**2 - 3*n. Let c(j) = -5*j**3 - 8*j**2 + 15*j - 1. Let r(v) = c(v) + 4*y(v). Calculate r(2).
13
Let t(s) = s + 11. Let c be t(-5). Suppose -3 = -c*g + 3. Let v(o) = -13*o**3 + o**2 - o. Determine v(g).
-13
Suppose -4*j = -4*s + 48, 5*j - 16 + 76 = 3*s. Let x be 20/6*(-18)/j. Suppose -b = -x - 2. Let w(f) = -f**2 + 7*f + 2. What is w(b)?
2
Let s(k) be the first derivative of -k**3/3 - 11*k**2/2 + 5*k - 59. What is s(-11)?
5
Let k(n) = -8*n - 1. Let x(q) = 22*q + 11. Let b(r) = -3*k(r) - x(r). Determine b(-13).
-34
Suppose 0 = -36*b + 3*b. Let l(j) = 2*j - 9. Determine l(b).
-9
Let h(t) = 9 - 2*t**2 - t**3 - 3*t - 9. Let w = -64 + 95. Let c = -33 + w. Give h(c).
6
Let y(n) be the first derivative of -n**2 + 2*n - 55. Let o = -4 - 2. Give y(o).
14
Let q(g) be the third derivative of -1/4*g**4 - 1/120*g**6 - 7/60*g**5 - 1/3*g**3 - g**2 + 0 + 0*g. Let c be (-3)/(-1) + 72/(-8). Determine q(c).
-2
Let l(g) = g**3 - 11*g**2 - 10*g - 2. Let w be l(12). Let k(d) = w*d - 45*d + d**2 + 22*d. Suppose -4*y + 14 = 4*p - p, -3*p - y = -8. Give k(p).
2
Let p(f) = f**2 - 23*f - 56. Let x be p(25). Let c(q) = -13 + 2 - 2*q + 3 + 2. What is c(x)?
6
Let i be (-4)/6*18/(-4). Let s(q) = q**2 - 3*q + 2. Give s(i).
2
Let r = -2585 + 2591. Let v(j) = 2*j - 5. What is v(r)?
7
Suppose -4*y - t + 55 = 0, 0*y + 2*t = 2*y - 30. Suppose -16 - y = 5*p. Let j(r) = r**2 + 4*r - 4. Give j(p).
8
Suppose 3*n - 2*r = -0*n - 1, -8 = 2*n - 5*r. Let i(y) = 2*y**3 + 2*y**2 - 1. What is i(n)?
3
Suppose 23*a - 26*a = -6. Suppose 4*j = 5*d + 12, 0 = -d - 4*d + a*j - 16. Let l(r) = 4*r - 1. What is l(d)?
-17
Let c(u) = -u**3 - 5*u**2 - 5*u + 3. Let v be (-8 - 0) + (2 - 1). Let s(o) = 2*o**3 + 31*o**2 + 16*o + 18. Let g be s(-15). Let b = v + g. Give c(b).
7
Let p be (-8*(6 + -4))/(-2). Suppose -4*f = -p, 0 = 4*b + f - 5*f - 4. Suppose b*h = -4*z, -2*h + 7*h = 4*z. Let w(n) = -n**2 + n + 17. Give w(h).
17
Let t(g) = -g - 1. Suppose -3*y + k + 2 = 7, 2*y = 4*k. Let n be t(y). Let r(p) be the first derivative of -p**2 + 14. Determine r(n).
-2
Let x(a) = -a + 26. Let g be x(19). Let r(m) = 5 + m - 3 - g - 8. Determine r(6).
-7
Let s(w) be the third derivative of w**6/120 + w**5/30 - 2*w**3/3 + 89*w**2 + 2. Calculate s(3).
41
Suppose 0 = -3*d + 1 - 16. Let p(u) = 11*u - 12. Let k(w) = 9*w - 12. Let x(t) = 6*k(t) - 5*p(t). Give x(d).
-7
Let w(k) = k**2 + 7*k - 11. Suppose 85*t - 72*t = -104. What is w(t)?
-3
Let q(n) = 3*n**2 + 2*n - 5. Let h be q(-3). Suppose 5*k - h = k. Suppose -k*b = -b + 9. Let f(p) = p**2 + 3*p - 1. Determine f(b).
-1
Let q(o) = 2*o**2 - 20*o + 35. Let v be q(8). Suppose 4*t = -t + 60. Let m(d) = t + 3*d - v - 3*d - 2*d. What is m(6)?
-3
Let a(n) = -19*n + 239 - n**3 + 23*n - 2*n**2 - 240. Give a(-3).
-4
Let h(b) = 5*b**3 + b**2 - b - 1. Suppose -3*c - 14 + 26 = 0. Suppose 4*g - c*p + 6 = -2, 4*p = 4. Calculate h(g).
-4
Let x(z) be the third derivative of -z**4/24 + z**3/2 + 6*z**2 + 2*z. What is x(5)?
-2
Let p(t) = t + 8. Let a(z) = z**3 - 11*z**2 - 2*z + 17. Let n be a(11). Determine p(n).
3
Let f(j) = -56*j + 13. Let k(i) = -24*i + 6. Let w(g) = 4*f(g) - 9*k(g). Give w(-1).
6
Let c(z) = -3. Let o(l) = -7*l + 19. Let h(v) = -5*c(v) + o(v). Give h(4).
6
Let c(k) be the second derivative of -7*k**4/12 - k**3/6 + k**2 + 44*k. What is c(2)?
-28
Suppose 30 = 2*v + 8*v. Let w(x) = -x**3 + x**2 + x - 3. Determine w(v).
-18
Let z(y) be the second derivative of -1/6*y**3 + 0*y**2 - 4*y - 1/6*y**4 + 0. Give z(2).
-10
Let q = 4 - -5. Suppose -5*d = -2*d - q. Let t(n) = -17*n + 8. Let i(m) = -6*m + 3. Let x(k) = -8*i(k) + 3*t(k). Give x(d).
-9
Let x(c) be the third derivative of -c**6/40 - c**3/6 - 82*c**2. Give x(1).
-4
Let r = -21 - -20. Let d(g) = -119*g. Let f be d(-1). Let x(j) = 119 - 2*j - f. What is x(r)?
2
Let d(h) = 4*h**2 + 64*h - 45. Let j(w) = -w**2 - 15*w + 11. Let t(q) = -2*d(q) - 9*j(q). What is t(-11)?
35
Let g(m) be the first derivative of m**4/4 + 5*m**3/3 - 5*m**2/2 - m - 35. Determine g(-5).
24
Let z = 2 + -4. Let p be (-4)/(-2) + 8/z. Let h(c) = 2*c**3 - 5*c. Let m(u) = -9*u**3 + u**2 + 25*u + 2. Let f(j) = -5*h(j) - m(j). Calculate f(p).
2
Suppose 15*q + 12 = -18. Let u(m) = 2*m**2 - 3. Calculate u(q).
5
Let a be -15 + 17 - 10/5. Let r(f) = f**3 + 2*f. Determine r(a).
0
Let b(i) = -15*i**2 + i + 5. Let d(q) = 14*q**2 - q - 4. Let y be -3 + 2/10 + (-88)/40. Let n(k) = y*d(k) - 4*b(k). What is n(-1)?
-11
Let h = -7 + 13. Let d(q) = q - 1. Let i(y) = -6*y + 2. Let v(g) = -4*d(g) - i(g). Determine v(h).
14
Let h(w) = w**3 - 3*w**2 + w. Suppose -3*d - 4*j - j = -17, -3*j - 13 = -4*d. Let f = -2 - -15. Suppose -2*z = -4*s + d, s - 2*s + 4*z - f = 0. Calculate h(s).
3
Let h be (-25)/10 + (-7)/(49/(-28)). Let u(m) be the first derivative of -2 + h*m**2 - m. What is u(-1)?
-4
Suppose -9 = -4*t + 7. Suppose -3*h + t*h = 3. Let p(b) = b**2 + b**2 - 7*b - 3*b**2 - h - 2. What is p(-4)?
7
Let u(b) = 3*b - 9. Let p(d) = d - 2. Let t(q) = -17*